e remainder when 952 is divided by x?
32
Suppose 14*s + 2267 - 3691 = 8768. Calculate the remainder when s is divided by 105.
98
Let c = -165 + 169. Suppose 0 = c*f - 124. What is the remainder when f is divided by 9?
4
Let z(p) = 13*p**3 + 11*p**2 + 15*p - 1. Let w(s) = 11*s**3 + 10*s**2 + 14*s. Let h(m) = -7*w(m) + 6*z(m). What is the remainder when h(6) is divided by 13?
5
Suppose -2*d - d + 12 = 0. Suppose 2*a + 55 = d*a - 3*h, 3*a - h - 79 = 0. Let c = -3882 - -4165. Calculate the remainder when c is divided by a.
23
Let i = -7846 - -7875. Calculate the remainder when 144 is divided by i.
28
Suppose -83 = -5*n + 992. Calculate the remainder when n is divided by (-26)/(-1) + 7*(-14 - -13).
6
Let c(s) = 29*s + 37. Let y = 221 - 219. Calculate the remainder when c(y) is divided by 26.
17
Let f be ((-20)/(-30))/((-2)/(-75)). Let o = f - 14. Suppose -7*i = -926 + 247. Calculate the remainder when i is divided by o.
9
Let p(m) = -55*m - 2785. What is the remainder when 590 is divided by p(-56)?
0
Suppose 12*f = -54*f - 51*f + 330057. Calculate the remainder when f is divided by 28.
21
Suppose 3*r - i - 215 = 4*i, -540 = -7*r + 4*i. What is the remainder when 1759 is divided by r?
79
Suppose -2*f - 2*f = -20. Suppose f*m = -0*m - 265. What is the remainder when (-15 + 14)*m*1 is divided by 14?
11
Suppose 11*h - 1665 = 1793 - 455. What is the remainder when h is divided by 259?
14
Suppose -362*u = -364*u - 602. Let y = u - -395. What is the remainder when y is divided by 36?
22
Let a = -7 - -13. Let h be 1 + 9/10 + 5/50. Suppose 0 = -o + 3*u + 19, -o + 46 = 2*o + h*u. Calculate the remainder when o is divided by a.
4
Let s(r) = 6*r**2 - r - 31. Calculate the remainder when s(14) is divided by 40.
11
Let m = -23 - -41. Let b(z) = 25*z - 24. Suppose 12*n - 26 - 10 = 0. Calculate the remainder when b(n) is divided by m.
15
Suppose 2*g = -5*t + 91, -5*g + 3*t + 195 + 48 = 0. What is the remainder when g is divided by (-2)/7 - (-368)/14?
22
Let a(w) = -4*w + 2. Let v(u) = -5*u + 1. Let r be v(1). Let l(i) = 30*i**2 + 309*i - 163. Calculate the remainder when l(-11) is divided by a(r).
14
Let w = 114 + -117. What is the remainder when (1 - 3) + w/(-6)*526 is divided by 33?
30
Let i = -614 + 797. What is the remainder when i is divided by 62?
59
Let p be 9/(14/12*(-2)/28). Calculate the remainder when 136 is divided by (-48)/p - 694/(-18).
19
Let l be (-9)/3 - -3 - (11 - -7). Calculate the remainder when 122 is divided by (900/l)/(4/(-2)).
22
Let l = -214 + 224. Suppose 3*f + 2*f = 55. Calculate the remainder when f is divided by l.
1
Let v(m) be the first derivative of 23*m**2/2 + 73*m + 97. Calculate the remainder when 4 is divided by v(-3).
0
Let i = 59 - 52. Suppose i*o = -38 + 248. Suppose -3*x + o = 2*x. What is the remainder when 7 is divided by x?
1
Let k be (-40 + -3)/((-1)/(-12)). Let a = 543 + k. What is the remainder when 53 is divided by a?
26
Let o(q) = 7*q**2 - 30*q + 53. What is the remainder when o(4) is divided by 10?
5
Calculate the remainder when 1649 is divided by (-5 - -5) + 13 - 0.
11
Let n be (-9)/(-3 - (-1 - (-47)/(-24))). Calculate the remainder when 100/15*n/20 is divided by 3.
0
Suppose 26*g = -g + 7803. Calculate the remainder when g is divided by ((-803)/22)/((-1)/2).
70
Let s = 1162 - 1116. Calculate the remainder when 590 is divided by s.
38
Suppose -597 = 72*z - 8445. Let j(s) = -s**2 + 7*s + 16. What is the remainder when z is divided by j(6)?
21
Let j = 31 - 22. Let y(a) = a**2 - 6*a - 15. Suppose 0 = 4*h - x - 164, -x + 2*x = 4. What is the remainder when h is divided by y(j)?
6
Let d be 8/(-44) + (-3)/((-99)/204). Suppose 5*w = 4*p - 92, 4*p - 4*w + 46 = d*p. Calculate the remainder when 45 is divided by p.
22
What is the remainder when 7 + (309 - 3) + -9 is divided by 44?
40
Let j = 2900 + -2880. What is the remainder when 2957 is divided by j?
17
Let b = -210 - -120. Suppose 770 = 6*s - 394. Let m = s + b. Calculate the remainder when m is divided by 35.
34
Suppose 0 = -5*l - 2 + 7. Let t(s) = 12*s + 5. Suppose 316 = 6*r - 2*r. Calculate the remainder when r is divided by t(l).
11
Let g(b) = 6*b**3 + 116*b**2 - 80*b + 9. What is the remainder when 4966 is divided by g(-20)?
7
Let q(x) = -1356*x + 10903. What is the remainder when 197 is divided by q(8)?
32
Let a be 1/7 + 1 + 200/70. Suppose 53 = -k + l + 228, a*k + 3*l = 665. What is the remainder when k is divided by 19?
18
Let y(h) = -h**3 + 7*h**2 + 3*h - 16. Let r be y(7). Suppose 5*x + 68 = r*d + 18, -3*d = -2*x - 28. Calculate the remainder when 24 is divided by d.
0
Let i(w) = -w**2 - 10*w + 4. Let p be i(-4). Suppose -4*t + 3*j + j + p = 0, -3*t + j = -23. What is the remainder when 60 is divided by t?
4
Suppose l = -4*b + 13, 3*l - 6*l - 9 = -4*b. Suppose -b*y + 203 = -2*j, 2*y + 10*j = 8*j + 122. What is the remainder when y is divided by 52?
13
Let d = -627 - -1136. Calculate the remainder when d is divided by 60.
29
Let z be ((-4)/(-3))/((-1)/3). Let k = z - -8. Suppose -8*o + 66 = 3*o. What is the remainder when o is divided by k?
2
Let a(v) = v**2 - 4*v - 6. Let s = -33 + 30. Let r(p) = p**2 + 4*p - 2. What is the remainder when r(6) is divided by a(s)?
13
Suppose 0 = -12*j - 487 + 4651. Suppose -792 = j*c - 353*c. Calculate the remainder when c is divided by 34.
30
Let b be (30/(-35))/(2/(-14)). Let v = 327 + -197. What is the remainder when 0 + v/b + (-44)/66 is divided by 6?
3
Let y(a) = -a**3 + 9*a**2 - 2*a + 3. Let g be y(2). Suppose 4*n - 38 = 2*b, 3*n - 6*n + g = -2*b. What is the remainder when n is divided by 1?
0
Let z = -139 - -167. Suppose -5*n + 17 = m - 17, 2*n + 4*m = z. What is the remainder when 11 is divided by n?
5
Let q = -105 + 18. Let s = q - -119. Suppose -a - f = -9, a - 13 = -0*f - 3*f. Calculate the remainder when s is divided by a.
4
Suppose -4*l + 18 = -d, -5*d + 31 = 5*l - 2*d. What is the remainder when ((-29)/l)/((-2)/10) is divided by 3?
2
Calculate the remainder when (-36288)/(-104) - 13/(-169) is divided by 50.
49
Let m(x) = 2*x**3 + 14*x**2 + 2*x - 4. Suppose 16*s - 6*s + 60 = 0. What is the remainder when m(s) is divided by 26?
4
Suppose -773 + 167 = 6*p. Let b = p - -104. Suppose h + 90 = b*v + 23, -5*v + 2*h = -111. What is the remainder when v is divided by 14?
9
Suppose -27*q + 14398 + 13007 = 0. What is the remainder when q is divided by 140?
35
Suppose -1423 = 13*m - 18*m - 3*f, f = -4*m + 1144. What is the remainder when m is divided by 96?
95
Suppose -6*d = -4*f - 31 + 339, 3*d = f - 65. Let h be 2 + (2 - 3)/1. What is the remainder when f is divided by (-3)/(h/10*-2)?
14
What is the remainder when 535/2*(-25 - -15)*4/(-25) is divided by 388?
40
Let z(y) = 126*y**2 + 29*y + 91. Calculate the remainder when z(-6) is divided by 34.
33
Suppose 3*g = 2*b + 58 + 9, 3*b = -15. Calculate the remainder when 591 is divided by g.
2
Suppose -5*z - 2*l + 1334 = 0, -3*z + l + 796 = -0*z. Suppose -z - 643 = -9*s. Calculate the remainder when s is divided by 17.
16
Let c = -116 + 136. Suppose 0 = y - 2 - c. Let q(i) = -3*i - 7. What is the remainder when y is divided by q(-5)?
6
Suppose -27 + 29 = 2*z, -4*p + 3*z + 497 = 0. Calculate the remainder when 733 is divided by p.
108
Let t(y) be the third derivative of y**6/120 + 2*y**5/5 - 13*y**4/12 - 5*y**3/6 - 11*y**2 + 3. Calculate the remainder when 95 is divided by t(-25).
15
Suppose -50 - 286 = -12*c. Calculate the remainder when 28 is divided by (-128)/c*21/(-6).
12
Let k = 19 - 7. Suppose k*r = 1938 - 162. What is the remainder when r is divided by 30?
28
Let z = -8991 + 10015. Calculate the remainder when z is divided by 167.
22
Let k be -6*(-5 - -6) - (-146 + -2). Let c = k - 128. What is the remainder when 44 is divided by c?
2
Let l(p) = -3*p + 3. What is the remainder when 312/(-9)*(-15 - (-13 + 7)) is divided by l(-4)?
12
Let m(p) = 7*p - 101. Let z = -9 + 29. Calculate the remainder when 582 is divided by m(z).
36
Let z(o) = o**3 + 8*o**2 + 3*o + 4. Suppose 5*q + 27 = -4*v, -q - 16 = 3*v - 4. Let k be z(v). Calculate the remainder when 11 is divided by 12/7 - k/(-140).
1
Suppose i = 3*i + 4. What is the remainder when i/12 + 709/6 is divided by (-11)/(-5) + (23040/75)/24?
13
Let z = 833 - 257. What is the remainder when z is divided by 38?
6
Let p = -834 + 8